{"id":435,"date":"2017-03-24T15:44:12","date_gmt":"2017-03-24T14:44:12","guid":{"rendered":"http:\/\/apper.fr\/?page_id=435"},"modified":"2017-03-30T08:32:27","modified_gmt":"2017-03-30T07:32:27","slug":"bibliographie","status":"publish","type":"page","link":"https:\/\/apper.fr\/?page_id=435","title":{"rendered":"Bibliographie"},"content":{"rendered":"<p style=\"text-align: justify;\">L&rsquo;Association pour la Promotion du Patrimoine et de l&rsquo;Ecologie \u00e0 l&rsquo;\u00eele de la R\u00e9union s&rsquo;est fix\u00e9e pour mission de transmettre \u00e0 tout individu d\u00e9sireux d&rsquo;apprendre et de se former, les connaissances th\u00e9oriques li\u00e9es au patrimoine r\u00e9unionnais.<\/p>\n<p style=\"text-align: justify;\">Ainsi, nous mettons \u00e0 disposition des documents en format pdf t\u00e9l\u00e9chargeables. La page \u00ab\u00a0bibliographie\u00a0\u00bb \u00e9tant mise \u00e0 jour assez souvent, nous vous conseillons de nous rendre visite r\u00e9guli\u00e8rement.<\/p>\n<h4 style=\"text-align: justify;\"><span style=\"text-decoration: underline;\">Documents de pr\u00e9sentation des races locales en sous effectif<\/span><\/h4>\n<p>&nbsp;<\/p>\n<p><a href=\"http:\/\/apper.fr\/wp-content\/uploads\/2016\/06\/The-Moka-cattle-an-element-of-the-Reunion-Island-heritage-to-preserve-Document-de-pr\u00e9sentation-CIRAD-INRA-Olivia-FONTAINE-Jean-Philippe-CHOISIS-Michel-NAVES-novembre-2010.pdf\">The Moka cattle, an element of the Reunion Island, heritage to preserve, Document de pr\u00e9sentation, CIRAD, INRA, Olivia FONTAINE, Jean-Philippe CHOISIS, Michel NAVES, novembre 2010<\/a><\/p>\n<p><a href=\"http:\/\/apper.fr\/wp-content\/uploads\/2016\/06\/Document-de-pr\u00e9sentation-du-cabri-p\u00e9\u00ef-CIRAD-Olivia-FONTAINE-ann\u00e9e-2017.pdf\">Document de pr\u00e9sentation du cabri p\u00e9\u00ef, CIRAD, Olivia FONTAINE, ann\u00e9e 2017<\/a><\/p>\n<p>&nbsp;<\/p>\n<h4><span style=\"text-decoration: underline;\">Arr\u00eat\u00e9 Minist\u00e9riel de reconnaissance de la race de la \u00ab\u00a0vache Moka\u00a0\u00bb &#8211; Boeuf Moka<\/span><\/h4>\n<p>&nbsp;<\/p>\n<p><a href=\"http:\/\/apper.fr\/wp-content\/uploads\/2017\/03\/Arr\u00eat\u00e9-Minist\u00e9riel-du-13-avril-2016-modifiant-lArr\u00eat\u00e9-Minist\u00e9riel-du-25-avril-2015-RZG-liste-races-reconnues.pdf\">Arr\u00eat\u00e9 Minist\u00e9riel du 13 avril 2016 modifiant l&rsquo;Arr\u00eat\u00e9 Minist\u00e9riel du 25 avril 2015 RZG liste races reconnues<\/a><\/p>\n<h4 style=\"text-align: justify;\"><\/h4>\n<h4 style=\"text-align: justify;\"><span style=\"text-decoration: underline;\">Rapports &amp; M\u00e9moires de stages<\/span><\/h4>\n<p>&nbsp;<\/p>\n<p style=\"text-align: justify;\">L&rsquo;APPER accueille r\u00e9guli\u00e8rement des stagiaires de tous horizons (formations dipl\u00f4mantes ou qualifiantes, bts, licence pro, master recherche etc&#8230;). Souhaitant \u00e9tudier en d\u00e9tail certain aspect de ses th\u00e9matiques phares, l&rsquo;association propose chaque ann\u00e9e des sujets pouvant \u00eatre approfondis par des \u00e9tudiants :<\/p>\n<p><a href=\"http:\/\/apper.fr\/wp-content\/uploads\/2017\/03\/Le-patrimoine-culturel-comme-levier-de-d\u00e9veloppement-local-Rapport-de-stage-M2-Univ-Paris-Diderot-Paris-7-Univ-Paris-1-Pantheon-Sorbonne-No\u00e9mie-SHINDLER-ao\u00fbt-2015.pdf\">Le patrimoine culturel comme levier de d\u00e9veloppement local, Rapport de stage M2, Univ Paris Diderot &#8211; Paris 7, Univ Paris 1 Pantheon &#8211; Sorbonne, No\u00e9mie SHINDLER, ao\u00fbt 2015<\/a><\/p>\n<p><a href=\"http:\/\/apper.fr\/wp-content\/uploads\/2017\/03\/Immersion-dans-une-exploitation-agricole-Rapport-de-stage-Licence-Pro-Agriculture-et-D\u00e9veloppement-Durable-Univ-R\u00e9union-Joelle-DIJOUX-ann\u00e9e-2015.pdf\">Immersion dans une exploitation agricole, Rapport de stage Licence Pro Agriculture et D\u00e9veloppement Durable, Univ R\u00e9union, Joelle DIJOUX, ann\u00e9e 2015<\/a><\/p>\n<p><a href=\"http:\/\/apper.fr\/wp-content\/uploads\/2017\/03\/Lutilisation-des-mat\u00e9riaux-locaux-dans-la-conservation-du-patrimoine-architectural-r\u00e9unionnais-M\u00e9moire-de-stage-M1-G\u00e9nie-Urbain-Environnement-Univ-R\u00e9union-Mirella-HOAREAU-26-juin-2013.pdf\">L&rsquo;utilisation des mat\u00e9riaux locaux dans la conservation du patrimoine architectural r\u00e9unionnais, M\u00e9moire de stage M1 G\u00e9nie Urbain &amp; Environnement, Univ R\u00e9union, Mirella HOAREAU, 26 juin 2013<\/a><\/p>\n<p>&nbsp;<\/p>\n<h4><span style=\"text-decoration: underline;\">Articles de presse &#8211; Articles web<\/span><\/h4>\n<p>&nbsp;<\/p>\n<p><a href=\"http:\/\/apper.fr\/wp-content\/uploads\/2017\/03\/Valorisation-du-Patrimoine-Naturel-et-culturel-sur-l\u00eele-de-la-R\u00e9union-Marie-D.-Page-Enqu\u00eate-Mahara-MOOC-Agro\u00e9cologie-03-novembre-2015.pdf\">Valorisation du Patrimoine Naturel et culturel sur l&rsquo;\u00eele de la R\u00e9union, Marie D., Page Enqu\u00eate &#8211; Mahara MOOC Agro\u00e9cologie, 03 novembre 2015<\/a><\/p>\n<p><a href=\"http:\/\/apper.fr\/wp-content\/uploads\/2017\/03\/Article-de-presse-Dossier-Dosy\u00e9-EAT-septembre-octobre-2014.pdf\">Article de presse, Dossier &#8211; Dosy\u00e9, EAT, septembre-octobre 2014<\/a><\/p>\n<h4><span style=\"text-decoration: underline;\">Documents sur le vetiver<\/span><\/h4>\n<p><a href=\"http:\/\/apper.fr\/wp-content\/uploads\/2016\/06\/Le-v\u00e9tiver-quel-avenir-pour-notre-territoire-Acte-du-Colloque-8-novembre-2007.pdf\">Le v\u00e9tiver, quel avenir pour notre territoire, Acte du Colloque, 8 novembre 2007<\/a><\/p>\n","protected":false},"excerpt":{"rendered":"<p>L&rsquo;Association pour la Promotion du Patrimoine et de l&rsquo;Ecologie \u00e0 l&rsquo;\u00eele de la R\u00e9union s&rsquo;est fix\u00e9e pour mission de transmettre \u00e0 tout individu d\u00e9sireux d&rsquo;apprendre et de se former, les connaissances th\u00e9oriques li\u00e9es au patrimoine r\u00e9unionnais. Ainsi, nous mettons \u00e0 disposition des documents en format pdf t\u00e9l\u00e9chargeables. La page \u00ab\u00a0bibliographie\u00a0\u00bb \u00e9tant mise \u00e0 jour assez &hellip; <a href=\"https:\/\/apper.fr\/?page_id=435\" class=\"more-link\">Continuer la lecture de <span class=\"screen-reader-text\">Bibliographie<\/span> <span class=\"meta-nav\">&rarr;<\/span><\/a><\/p>\n","protected":false},"author":1,"featured_media":0,"parent":0,"menu_order":0,"comment_status":"closed","ping_status":"closed","template":"","meta":[],"_links":{"self":[{"href":"https:\/\/apper.fr\/index.php?rest_route=\/wp\/v2\/pages\/435"}],"collection":[{"href":"https:\/\/apper.fr\/index.php?rest_route=\/wp\/v2\/pages"}],"about":[{"href":"https:\/\/apper.fr\/index.php?rest_route=\/wp\/v2\/types\/page"}],"author":[{"embeddable":true,"href":"https:\/\/apper.fr\/index.php?rest_route=\/wp\/v2\/users\/1"}],"replies":[{"embeddable":true,"href":"https:\/\/apper.fr\/index.php?rest_route=%2Fwp%2Fv2%2Fcomments&post=435"}],"version-history":[{"count":11,"href":"https:\/\/apper.fr\/index.php?rest_route=\/wp\/v2\/pages\/435\/revisions"}],"predecessor-version":[{"id":518,"href":"https:\/\/apper.fr\/index.php?rest_route=\/wp\/v2\/pages\/435\/revisions\/518"}],"wp:attachment":[{"href":"https:\/\/apper.fr\/index.php?rest_route=%2Fwp%2Fv2%2Fmedia&parent=435"}],"curies":[{"name":"wp","href":"https:\/\/api.w.org\/{rel}","templated":true}]}}