{"id":564,"date":"2018-04-19T07:47:32","date_gmt":"2018-04-19T06:47:32","guid":{"rendered":"http:\/\/apper.fr\/?page_id=564"},"modified":"2021-02-10T18:14:23","modified_gmt":"2021-02-10T17:14:23","slug":"bulletin-dinformations","status":"publish","type":"page","link":"https:\/\/apper.fr\/?page_id=564","title":{"rendered":"BULLETINS D&rsquo;INFORMATION"},"content":{"rendered":"<p>Vous pouvez d\u00e8s aujourd&rsquo;hui prendre connaissance du bulletin d&rsquo;information de l&rsquo;APPER, qui para\u00eetra de mani\u00e8re trimestrielle.<\/p>\n<p>Nous attendons vos retours afin d&rsquo;am\u00e9liorer nos contenus et de travailler sur des sujets qui suscitent votre int\u00e9r\u00eat.<\/p>\n<p>Pour t\u00e9l\u00e9charger les bulletins cliquez sur le lien suivant :<\/p>\n<p><a href=\"http:\/\/apper.fr\/wp-content\/uploads\/2018\/04\/BULLETIN-n\u00b01.pdf\">BULLETIN n\u00b01<\/a><\/p>\n<p><a href=\"http:\/\/apper.fr\/wp-content\/uploads\/2018\/04\/BULLETIN-n\u00b02.pdf\">BULLETIN n\u00b02<\/a><\/p>\n<p><a href=\"http:\/\/apper.fr\/wp-content\/uploads\/2018\/04\/BULLETIN-n\u00b03.pdf\">BULLETIN n\u00b03<\/a><\/p>\n<p><a href=\"http:\/\/apper.fr\/wp-content\/uploads\/2018\/04\/BULLETIN-n\u00b04.pdf\">BULLETIN n\u00b04<\/a><\/p>\n<p><a href=\"http:\/\/apper.fr\/wp-content\/uploads\/2021\/02\/Bulletin_5.pdf\">Bulletin_5<\/a><\/p>\n<p><a href=\"http:\/\/apper.fr\/wp-content\/uploads\/2021\/02\/Bulletin_6.pdf\">Bulletin_6<\/a><\/p>\n<p><a href=\"http:\/\/apper.fr\/wp-content\/uploads\/2021\/02\/Bulletin_7-1.pdf\">Bulletin_7<\/a><\/p>\n<p><a href=\"http:\/\/apper.fr\/wp-content\/uploads\/2021\/02\/Bulletin_8.pdf\">Bulletin_8<\/a><\/p>\n<p><a href=\"http:\/\/apper.fr\/wp-content\/uploads\/2021\/02\/Bulletin_9.pdf\">Bulletin_9<\/a><\/p>\n<p><a href=\"http:\/\/apper.fr\/wp-content\/uploads\/2021\/02\/Bulletin_10.pdf\">Bulletin_10<\/a><\/p>\n\n\n<p><\/p>\n","protected":false},"excerpt":{"rendered":"<p>Vous pouvez d\u00e8s aujourd&rsquo;hui prendre connaissance du bulletin d&rsquo;information de l&rsquo;APPER, qui para\u00eetra de mani\u00e8re trimestrielle. Nous attendons vos retours afin d&rsquo;am\u00e9liorer nos contenus et de travailler sur des sujets qui suscitent votre int\u00e9r\u00eat. Pour t\u00e9l\u00e9charger les bulletins cliquez sur le lien suivant : BULLETIN n\u00b01 BULLETIN n\u00b02 BULLETIN n\u00b03 BULLETIN n\u00b04 Bulletin_5 Bulletin_6 Bulletin_7 &hellip; <a href=\"https:\/\/apper.fr\/?page_id=564\" class=\"more-link\">Continuer la lecture de <span class=\"screen-reader-text\">BULLETINS D&rsquo;INFORMATION<\/span> <span class=\"meta-nav\">&rarr;<\/span><\/a><\/p>\n","protected":false},"author":1,"featured_media":0,"parent":0,"menu_order":0,"comment_status":"closed","ping_status":"closed","template":"","meta":[],"_links":{"self":[{"href":"https:\/\/apper.fr\/index.php?rest_route=\/wp\/v2\/pages\/564"}],"collection":[{"href":"https:\/\/apper.fr\/index.php?rest_route=\/wp\/v2\/pages"}],"about":[{"href":"https:\/\/apper.fr\/index.php?rest_route=\/wp\/v2\/types\/page"}],"author":[{"embeddable":true,"href":"https:\/\/apper.fr\/index.php?rest_route=\/wp\/v2\/users\/1"}],"replies":[{"embeddable":true,"href":"https:\/\/apper.fr\/index.php?rest_route=%2Fwp%2Fv2%2Fcomments&post=564"}],"version-history":[{"count":8,"href":"https:\/\/apper.fr\/index.php?rest_route=\/wp\/v2\/pages\/564\/revisions"}],"predecessor-version":[{"id":652,"href":"https:\/\/apper.fr\/index.php?rest_route=\/wp\/v2\/pages\/564\/revisions\/652"}],"wp:attachment":[{"href":"https:\/\/apper.fr\/index.php?rest_route=%2Fwp%2Fv2%2Fmedia&parent=564"}],"curies":[{"name":"wp","href":"https:\/\/api.w.org\/{rel}","templated":true}]}}